ase 5.
-1102130313
Convert 367311 (base 11) to base 10.
580691
134547 (base 14) to base 4
2202120003
Convert 272a88 (base 13) to base 3.
1210012101101
Convert -1015154210 (base 6) to base 7.
-156102414
What is 20044000 (base 5) in base 11?
a9713
What is -559363 (base 11) in base 4?
-3121133313
What is -1161004 (base 10) in base 3?
-2011222121011
Convert -301333101110 (base 4) to base 9.
-26582535
Convert b41cc (base 15) to base 3.
1001222222110
What is 4d794 (base 15) in base 13?
88bca
What is -154555050 (base 7) in base 5?
-10133412102
-11221112101 (base 3) to base 2
-10111110001000001
Convert 3a61393 (base 11) to base 7.
113424262
-a20b19 (base 13) to base 14
-70287b
What is -43b85 (base 13) in base 14?
-32a79
Convert 1644031 (base 7) to base 14.
5d8c1
Convert -232132031 (base 4) to base 11.
-120015
Convert 5ab7c9 (base 13) to base 16.
211326
Convert -1a09512 (base 12) to base 3.
-101022221200012
-6602 (base 11) to base 16
-220a
-2867177 (base 9) to base 13
-434164
Convert 120222 (base 7) to base 3.
1002210120
116015 (base 7) to base 15
6488
-27558 (base 11) to base 7
-222324
What is -446065 (base 7) in base 4?
-103101121
-250203 (base 14) to base 10
-1268123
Convert -3330212300 (base 4) to base 5.
-231102142
What is 2100442430 (base 5) in base 10?
4312240
What is -1245413 (base 6) in base 12?
-33869
Convert -112101111 (base 4) to base 14.
-2535b
Convert 10246611 (base 8) to base 13.
5b5556
Convert 24147 (base 8) to base 16.
2867
-2212201211 (base 4) to base 7
-5540405
-11200100120221 (base 3) to base 5
-1114041144
Convert -30230104 (base 5) to base 13.
-86511
What is -2b003 (base 14) in base 4?
-122020023
Convert -1fab1 (base 16) to base 14.
-353b3
5033830 (base 10) to base 6
255520434
1c274 (base 16) to base 10
115316
What is -10000011011011111101 (base 2) in base 7?
-4401402
What is -177314 (base 8) in base 10?
-65228
Convert 2774bb (base 13) to base 9.
1721106
177588 (base 10) to base 8
532664
What is -1272d1c (base 15) in base 7?
-220552053
Convert 2c235c (base 16) to base 15.
3c2126
Convert aa55a6 (base 11) to base 4.
12232233020
-10110222210 (base 3) to base 9
-113883
What is -130103521 (base 6) in base 14?
-49b425
What is -455543 (base 8) in base 13?
-55401
Convert 110001001110111010 (base 2) to base 13.
70a32
What is 64568 (base 15) in base 3?
121011212022
What is 22195c (base 13) in base 7?
6554401
-51557 (base 13) to base 10
-145919
-12012122022220 (base 3) to base 4
-22203311331
What is 4101102321 (base 5) in base 16?
7d7603
Convert 1a521 (base 16) to base 4.
122110201
What is 50420232 (base 6) in base 9?
2624312
Convert 31321011 (base 4) to base 6.
1115233
-5358752 (base 9) to base 11
-1692a87
-2901809 (base 11) to base 4
-103003131021
Convert 1dd6cb (base 14) to base 3.
2000120121101
215472 (base 9) to base 8
373265
Convert 110001000101001001101 (base 2) to base 9.
3021115
1cc992 (base 13) to base 8
2651215
Convert d90e (base 16) to base 10.
55566
Convert 24a3b4 (base 12) to base 10.
598456
What is 7a0afa (base 16) in base 13?
1870684
What is 6a52689 (base 11) in base 14?
18c878a
-2252070 (base 10) to base 16
-225d26
What is -40420241 (base 5) in base 4?
-1033222301
What is -441442413 (base 5) in base 12?
-77abbb
b10217 (base 14) to base 9
12175517
What is -3b287b (base 14) in base 9?
-3753676
What is 67ec7 (base 15) in base 5?
41040322
5a70b (base 13) to base 16
28851
What is 1000102002 (base 3) in base 13?
9131
What is 747c14 (base 15) in base 4?
111021220111
Convert 62ba52 (base 15) to base 13.
c85b80
What is 12300223230 (base 4) in base 14?
341c28
What is -2043221244 (base 5) in base 7?
-51215446
11772b0 (base 12) to base 3
20101100121120
Convert -45144023 (base 6) to base 8.
-5155517
What is -74033 (base 9) in base 12?
-24349
Convert 26909 (base 13) to base 16.
1189a
-10003112220 (base 4) to base 11
-666149
Convert 200445 (base 6) to base 13.
7208
What is -6635a (base 11) in base 7?
-550433
-211235405 (base 6) to base 15
-4d3348
What is 1843350 (base 12) in base 4?
103110220230
2456042 (base 8) to base 16
a5c22
What is 2103101 (base 7) in base 9?
425265
-182217 (base 11) to base 12
-116811
What is -2202120120122 (base 3) in base 8?
-5462773
What is -111ad (base 14) in base 3?
-2002221101
-1020021112211211 (base 3) to base 8
-103357214
Convert f2885 (base 16) to base 6.
33143045
Convert 101001111212 (base 3) to base 7.
1453031
-5030c (base 15) to base 12
-102a70
-138764 (base 10) to base 16
-21e0c
57b45 (base 13) to base 7
1234523
What is -1011011101100111 (base 2) in base 11?
-32303
3474712 (base 8) to base 9
1705311
1559666 (base 12) to base 8
20460556
-10000102010221 (base 3) to base 13
-4414c3
What is 1b852a5 (base 12) in base 10?
5898077
What is -33230012111 (base 4) in base 9?
-7657615
-16589a (base 11) to base 10
-256629
Convert -a7c447 (base 13) to base 3.
-21102011121022
-70591 (base 11) to base 9
-166487
Convert -113a162 (base 12) to base 6.
-155013002
Convert 100022220002 (base 4) to base 6.
230455322
What is 1224024231 (base 5) in base 4?
23101122331
Convert 277679 (base 10) to base 11.
17a696
398a86 (base 11) to base 8
2310272
What is 110111011101010000 (base 2) in base 3?
102112121001
100000000011010111001 (base 2) to base 5
232102142
Convert 109a0 (base 12) to base 7.
121404
-57174 (base 11) to base 13
-2b865
412604 (base 10) to base 7
3335633
What is -9c938 (base 15) in base 10?
-498203
-351034 (base 6) to base 13
-108a3
What is 1443701 (base 9) in base 3?
1111110210001
-1516050 (base 9) to base 3
-1120120001200
What is -2301150 (base 9) in base 12?
-4ba130
-4535411 (base 6) to base 14
-60091
Convert -752611 (base 10) to base 13.
-204742
What is 5015444 (base 6) in base 16?
39934
What is -22100222220 (base 3) in base 13?
-59cb2
Convert -2304031 (base 6) to base 7.
-666430
-9372 (base 14) to base 15
-77c4
What is 21d28 (base 14) in base 4?
110003300
Convert -2ac88 (base 13) to base 8.
-236520
What is -2241236 (base 7) in base 14?
-73956
What is 945201 (base 12) in base 16?
2392e1
-bbb0 (base 12) to base 15
-6219
Convert 30222021 (base 5) to base 15.
4bb26
Convert -5c659 (base 13) to base 10.
-170257
What is -79039 (base 10) in base 3?
-11000102101
-2d8ac (base 15) to base 5
-14201322
Convert 144416 (base 9) to base 5.
10313143
6626771 (base 9) to base 15
4a51e7
2033313002 (base 4) to base 12
245002
Convert 421622 (base 7) to base 9.
120628
Convert -142660 (base 11) to base 8.
-663535
What is 2133201 (base 4) in base 16?
27e1
What is 210221121102122 (base 3) in base 15?
105615e
-10200110111 (base 3) to base 4
-101230330
What is 186359 (base 11) in base 12?
119a28
-27dba (base 16) to base 12
-7a58a
2222021210102 (base 3) to base 6
53512145
Convert 64471 (base 10) to base 9.
107384
Convert 236893 (base 14) to base 13.
334425
What is 454040 (base 8) in base 5?
14404012
-1444144122 (base 5) to base 8
-16672723
-601788 (base 13) to base 15
-2e11a0
Convert 10121112111210 (base 3) to base 7.
22214112
Convert 401b2 (base 12) to base 9.
136138
What is ac5c80 (base 13) in base 3?
21122201022112
Convert 4104143012 (base 5) to base 9.
16506482
-1110102 (base 5) to base 14
-70dc
Convert -1202112000211 (base 3) to base 15.
-137204
What is 103002010 (base 4) in base 10?
77956
What is 1b145 (base 16) in base 13?
3b641
-10000020020 (base 3) to base 16
-e751
Convert ab7f (base 16) to base 8.
125577
1010412 (base 6) to base 8
135750
What is -5105060 (base 8) in base 7?
-14304323
What is -124944 (base 11) in base 14?
-51a0a
What is -681a (base 11) in base 9?
-13272
2321064 (base 7) to base 13
a2549
-44891 (base 11) to base 2
-1111110110111100
Convert -40421123 (base 5) to base 14.
-86d53
What is 10372069 (base 10) in base 7?
154106161
427206 (base 8) to base 10
142982
Convert -30862 (base 12) to base 4.
-33133022
323133250 (base 6) to base 2
10101111100000100111110
What is 20d6c (base 15) in base 3?
12022001010
Convert -1101001101001011001 (base 2) to base 15.
-88339
What is 10031212220 (base 4) in base 10?
1104296
38ba2bc (base 13) to base 4
1003312220031
-37793 (base 13) to base 7
-604304
1126 (base 10) to base 2
10001100110
What is 27b41b (base 12) in base 15?
d1418
What is -68a (base 13) in base 12?
-7a0
Convert -133401 (base 6) to base 2.
-11000010101001
-1480e (base 15) to base 12
-321ab
What is 121330123022 (base 4) i